{"id":6030,"date":"2018-09-07T18:05:33","date_gmt":"2018-09-07T18:05:33","guid":{"rendered":"http:\/\/niederwennerscheid.de\/?page_id=6030"},"modified":"2022-08-11T11:26:16","modified_gmt":"2022-08-11T11:26:16","slug":"2017-2","status":"publish","type":"page","link":"https:\/\/niederwennerscheid.de\/?page_id=6030","title":{"rendered":"2017 \/ Jahresr\u00fcckblick"},"content":{"rendered":"<h4 class=\"content__headline content-padding\"><span style=\"color: #ff6600;\">Pr\u00e4gnante Ereignisse des Jahres im \u00dcberblick:<\/span><\/h4>\n<p>&nbsp;<\/p>\n<ul>\n<li>Frank-Walter Steinmeier wird neuer Bundespr\u00e4sident<\/li>\n<li>Die EU wird 60<\/li>\n<li>Deutschland und Europa nehmen Abschied von Helmut Kohl<\/li>\n<li>G20 Gipfel in Hamburg &#8211; Militante Demonstrationen und Ausschreitungen von<br \/>\nGlobalisierungsgegnern<\/li>\n<li>Der Wolf kommt zur\u00fcck<\/li>\n<li>Sturmtief Xavier<\/li>\n<li>Niederwennerscheid r\u00e4umt auf<\/li>\n<li>Sommerfest im Dorf<\/li>\n<\/ul>\n","protected":false},"excerpt":{"rendered":"<p>Pr\u00e4gnante Ereignisse des Jahres im \u00dcberblick: &nbsp; Frank-Walter Steinmeier wird neuer Bundespr\u00e4sident Die EU wird 60 Deutschland und Europa nehmen Abschied von Helmut Kohl G20 Gipfel in Hamburg &#8211; Militante Demonstrationen und Ausschreitungen von Globalisierungsgegnern Der Wolf kommt zur\u00fcck Sturmtief &hellip; <a href=\"https:\/\/niederwennerscheid.de\/?page_id=6030\">Weiterlesen <span class=\"meta-nav\">&rarr;<\/span><\/a><\/p>\n","protected":false},"author":5,"featured_media":0,"parent":0,"menu_order":0,"comment_status":"closed","ping_status":"closed","template":"","meta":{"_crdt_document":"","ngg_post_thumbnail":0,"footnotes":""},"class_list":["post-6030","page","type-page","status-publish","hentry"],"_links":{"self":[{"href":"https:\/\/niederwennerscheid.de\/index.php?rest_route=\/wp\/v2\/pages\/6030","targetHints":{"allow":["GET"]}}],"collection":[{"href":"https:\/\/niederwennerscheid.de\/index.php?rest_route=\/wp\/v2\/pages"}],"about":[{"href":"https:\/\/niederwennerscheid.de\/index.php?rest_route=\/wp\/v2\/types\/page"}],"author":[{"embeddable":true,"href":"https:\/\/niederwennerscheid.de\/index.php?rest_route=\/wp\/v2\/users\/5"}],"replies":[{"embeddable":true,"href":"https:\/\/niederwennerscheid.de\/index.php?rest_route=%2Fwp%2Fv2%2Fcomments&post=6030"}],"version-history":[{"count":6,"href":"https:\/\/niederwennerscheid.de\/index.php?rest_route=\/wp\/v2\/pages\/6030\/revisions"}],"predecessor-version":[{"id":11762,"href":"https:\/\/niederwennerscheid.de\/index.php?rest_route=\/wp\/v2\/pages\/6030\/revisions\/11762"}],"wp:attachment":[{"href":"https:\/\/niederwennerscheid.de\/index.php?rest_route=%2Fwp%2Fv2%2Fmedia&parent=6030"}],"curies":[{"name":"wp","href":"https:\/\/api.w.org\/{rel}","templated":true}]}}