{"id":3411,"date":"2018-08-24T13:17:30","date_gmt":"2018-08-24T13:17:30","guid":{"rendered":"http:\/\/niederwennerscheid.de\/?page_id=3411"},"modified":"2022-08-11T11:26:00","modified_gmt":"2022-08-11T11:26:00","slug":"2016-2","status":"publish","type":"page","link":"https:\/\/niederwennerscheid.de\/?page_id=3411","title":{"rendered":"2016 \/ Jahresr\u00fcckblick"},"content":{"rendered":"<div class=\"article-header\">\n<h4 class=\"content__headline content-padding\"><span style=\"color: #ff6600;\">Pr\u00e4gnante Ereignisse des Jahres im \u00dcberblick:<\/span><\/h4>\n<\/div>\n<div class=\"content__info content-padding clearfix\">&nbsp;<\/div>\n<div class=\"content__time content-padding\">&nbsp;<\/div>\n<ul>\n<li>Die Wahl von Donald Trump zum US-Pr\u00e4sidenten<\/li>\n<li>Die verheerenden Terroranschl\u00e4ge in Br\u00fcssel und Nizza<\/li>\n<li>Der Amoklauf in M\u00fcnchen<\/li>\n<li>Die Staatsaff\u00e4re um Jan B\u00f6hmermann<\/li>\n<li>Angelique Kerbers Aufstieg zur Nummer eins der Tenniswelt<\/li>\n<li>Der Tod von David Bowie<\/li>\n<li>Dorffest<\/li>\n<li>Garagenflohmarkt<\/li>\n<li>Dorfausflug Naturerlebnispfad Panarbora<\/li>\n<li>Fu\u00dfball-Europameisterschaft im Dorf<\/li>\n<\/ul>\n","protected":false},"excerpt":{"rendered":"<p>Pr\u00e4gnante Ereignisse des Jahres im \u00dcberblick: &nbsp; &nbsp; Die Wahl von Donald Trump zum US-Pr\u00e4sidenten Die verheerenden Terroranschl\u00e4ge in Br\u00fcssel und Nizza Der Amoklauf in M\u00fcnchen Die Staatsaff\u00e4re um Jan B\u00f6hmermann Angelique Kerbers Aufstieg zur Nummer eins der Tenniswelt Der &hellip; <a href=\"https:\/\/niederwennerscheid.de\/?page_id=3411\">Weiterlesen <span class=\"meta-nav\">&rarr;<\/span><\/a><\/p>\n","protected":false},"author":5,"featured_media":0,"parent":0,"menu_order":0,"comment_status":"closed","ping_status":"closed","template":"","meta":{"_crdt_document":"","ngg_post_thumbnail":0,"footnotes":""},"class_list":["post-3411","page","type-page","status-publish","hentry"],"_links":{"self":[{"href":"https:\/\/niederwennerscheid.de\/index.php?rest_route=\/wp\/v2\/pages\/3411","targetHints":{"allow":["GET"]}}],"collection":[{"href":"https:\/\/niederwennerscheid.de\/index.php?rest_route=\/wp\/v2\/pages"}],"about":[{"href":"https:\/\/niederwennerscheid.de\/index.php?rest_route=\/wp\/v2\/types\/page"}],"author":[{"embeddable":true,"href":"https:\/\/niederwennerscheid.de\/index.php?rest_route=\/wp\/v2\/users\/5"}],"replies":[{"embeddable":true,"href":"https:\/\/niederwennerscheid.de\/index.php?rest_route=%2Fwp%2Fv2%2Fcomments&post=3411"}],"version-history":[{"count":6,"href":"https:\/\/niederwennerscheid.de\/index.php?rest_route=\/wp\/v2\/pages\/3411\/revisions"}],"predecessor-version":[{"id":11761,"href":"https:\/\/niederwennerscheid.de\/index.php?rest_route=\/wp\/v2\/pages\/3411\/revisions\/11761"}],"wp:attachment":[{"href":"https:\/\/niederwennerscheid.de\/index.php?rest_route=%2Fwp%2Fv2%2Fmedia&parent=3411"}],"curies":[{"name":"wp","href":"https:\/\/api.w.org\/{rel}","templated":true}]}}